3)/(4/(1 - (0 + 3))) composite?
False
Let g be (1 + -1 + 1)*10. Suppose g*a + 6004 = 31634. Is a prime?
False
Let s(t) = -10*t - 93. Let v be s(-10). Suppose -3*h = -v*h + 11384. Is h composite?
True
Let k = -107 - -107. Suppose 9*d - 91323 + 10044 = k. Is d prime?
False
Let r be (-1 - 36) + (-1 - 3). Let j = r + 33. Let p(g) = -88*g + 17. Is p(j) composite?
True
Suppose 2862 = -22*d + 23*d. Suppose 3*j - d = 3*z - 8823, 7938 = 4*z + j. Is z a composite number?
True
Suppose 3*p + 9 = 3*l - 9, l + 5*p + 6 = 0. Suppose c = -4*y - 13, -4*c - 2 = l*y + 2. Let j(g) = 5*g**2 - 4*g + 10. Is j(c) a prime number?
True
Suppose 6*f + 8068 - 40870 = 0. Suppose 973 = -7*b - f. Let a = 1749 + b. Is a a prime number?
True
Let t(s) = -731*s**3 - 2*s**2 - 2*s. Let c(p) = -3*p**3 + 3*p**2 - 3*p + 2. Let g be c(1). Is t(g) composite?
True
Suppose -4*p + 62865 = -d - 33020, 4*p = 4*d + 95888. Is p composite?
False
Let p(c) = 49959*c**2 - 332*c + 1018. Is p(3) a composite number?
False
Let k(j) = j**2 + 5*j + 5. Suppose 3 = -x - 5*o - 26, 3*x + 32 = -4*o. Let t be k(x). Is (2 - (4 + t)) + 790 a prime number?
True
Let t(v) = 1146*v**2 + 54*v + 55. Is t(13) prime?
True
Let n(g) = 4*g + 0*g + g**2 - 23 - 5*g + 0*g. Let w be n(15). Let k = w + -74. Is k a prime number?
True
Is 251/(-54*(-5)/255 - 1/1) composite?
True
Suppose 2292*s - 2287*s - 1881442 = 3*m, 0 = 3*s + m - 1128840. Is s composite?
False
Let i = 101442 - 27371. Is i prime?
True
Let j(a) = 520*a**3 - 11*a**2 - 37*a - 9. Is j(7) prime?
True
Let a(z) = -2*z + 15. Suppose 0 = -5*s - c + 22, 25 = 2*s - 2*c - 3*c. Let w be a(s). Suppose -k - w*k + 6714 = 0. Is k prime?
False
Let v = -327 - -319. Is (12/v)/(5/(-24590)) prime?
False
Let s(l) be the first derivative of -l**4/4 + 4*l**3/3 - l**2/2 + 9*l + 18. Let w be s(4). Suppose a - 2681 = -2*a - 4*c, 2*a + w*c = 1799. Is a prime?
True
Suppose 0 = 3*g - 3*v - 12, 4*g - 4*v = -7*v - 12. Suppose g = 4*o + 17987 - 56119. Is o a prime number?
True
Is (-9)/2*214172208/(-1944) a prime number?
True
Let p be (-3 + -6 + 0)/(-1). Suppose 8*t + 3019 = p*t. Is t a composite number?
False
Let w(m) be the first derivative of 19*m - 133/2*m**2 - 10. Is w(-10) composite?
True
Suppose 5*v + q = -5756 - 41444, 4*v + 3*q = -37771. Let h = v - -13512. Is h composite?
False
Suppose -39*s + 3*a + 68126 = -37*s, 2*s + 4*a - 68098 = 0. Is s a prime number?
True
Let r(o) = 7*o - 393. Let l be r(56). Is -31357*l/(2/4*2) a composite number?
False
Let j = -515 + 518. Suppose 4*n + 4181 = j*x, 3*x - x = -n + 2802. Is x a prime number?
True
Suppose 4*g + 4*u = -296, -5*g - 2*u - 272 = 89. Let f = -68 - g. Suppose -4*w + 1358 = -7*b + 2*b, -f*b = -4*w + 1354. Is w prime?
True
Let x = -93 + 61. Is 77128/14 - x/(-224) a prime number?
False
Let z(o) = -o**3 - 47*o**2 + 128*o + 83. Is z(-56) a prime number?
True
Suppose -3*o - 4*s = o + 140, -2*o + 3*s = 75. Let x = 28 + o. Is (-1454)/(-10) + x/20 prime?
False
Suppose 26*k = 1146 + 6862. Suppose 3*i + 465 = 2*l, -l - 2*i - 65 = -k. Is l a composite number?
True
Let n be (-2 - 1 - -1)*-1. Let l(p) = -76*p + 1 + 155*p + 94*p**n - 85*p. Is l(4) prime?
True
Suppose 786*z = 752*z + 733958. Is z prime?
True
Let m = -23 - -23. Suppose 2*o - 5*c + 8*c = -790, 3*c + 6 = m. Let n = o - -615. Is n composite?
False
Suppose -3*j + 3*s + 4110550 = -350591, -3*j + 4461133 = -5*s. Is j composite?
False
Suppose 70*q - 131825 = 31*q + 14*q. Is q a composite number?
False
Let u = -577626 - -1117573. Is u a prime number?
True
Suppose -56837 = -7*p - 3504. Let l = p - 2476. Is l prime?
False
Let z(v) = -3216*v**2 - 13*v - 1. Let g be z(-1). Let y = g + 6187. Is y a prime number?
False
Let l(x) = x**2 - 14*x + 76. Let u be l(46). Let w = 2947 - u. Is w composite?
False
Let j = 191266 - 101535. Is j a prime number?
False
Let v(f) = -10796*f + 22. Let l be v(-1). Let p = l - 3067. Is p a composite number?
True
Suppose 69*z = 24*z + 3286665. Is z a prime number?
True
Let a(b) be the second derivative of 0 + 8*b + 3/2*b**2 + 1/6*b**3 + 16/3*b**4. Is a(-2) a composite number?
False
Suppose 4*p + 558386 = 2*a, -4*a = -p - 353389 - 763418. Is a a composite number?
False
Suppose 2*d = 5*c - 417358 - 132627, -4*d = -3*c + 329991. Is c prime?
False
Let p = -4044 - -16016. Suppose 15*u - 14*u - p = -5*i, 0 = -2*u + 4*i + 23986. Is u a composite number?
False
Is (-4 + 620556/60)/(1/5) prime?
False
Let q(c) = -2963*c - 974. Is q(-39) composite?
True
Suppose -13*n = 18*n - 86459. Is n a composite number?
False
Suppose -4*f = -9*f - 3*y - 1028, 2*y + 616 = -3*f. Let q be (f/(-6))/((-28)/(-42)). Suppose 5*l - q = 58. Is l composite?
True
Let w be (-24024)/(-798) + (42/(-38) - -1). Suppose -4*t = -5*o - 864, 5*t + 25*o - 1085 = w*o. Is t composite?
True
Let h = -109 + 112. Suppose -h*z + 10 = 2*z. Suppose -z*o = -i - 1306, -o + i + 647 = -i. Is o composite?
True
Suppose 0 = -2*o - 2, 4*o = -4*f + f - 4. Let a = 3119 - 2859. Suppose f = 5*u + 4*b - 398, 4*u + b = 65 + a. Is u a prime number?
False
Let b be (7/(-2))/(0 - (-6)/(-36)). Suppose b*y - 6*y = 113595. Is y a prime number?
True
Let n = 42773 - 21007. Is n a composite number?
True
Let k(r) = -357*r**3 + r**2 + 2*r - 1. Let z be k(-3). Suppose 5*u - z = 3174. Suppose -743 = -6*f + u. Is f prime?
False
Let d = -12950 - -5440. Let r = -3461 - d. Is r prime?
True
Let j(l) = 34*l - 54. Let d be j(-22). Suppose -447 = -5*k + 4*n, -2*n = 2*k - 22 - 146. Let o = k - d. Is o prime?
False
Let x be -1 + 8/(-12)*(-27)/6. Suppose -2*i - 8 = x*p, -7*p + 5*p - 5*i - 20 = 0. Suppose c + 3*a - 70 - 178 = p, 5*a + 5 = 0. Is c a composite number?
False
Suppose 5*s - 9*s + 3352 = 0. Let c = 1621 - s. Suppose 0 = d - 316 - c. Is d a composite number?
True
Suppose 0 = -574*o + 569*o + 139955. Is o a prime number?
False
Suppose 398 = -n + x, 192 = -2*n + 3*x - 609. Let f be (152/3)/(4/66). Let y = n + f. Is y a prime number?
True
Let p = -64 - -2. Let b = 29 + p. Let g = 48 + b. Is g composite?
True
Suppose 21*i - 75*i + 520904 + 912850 = 0. Is i a composite number?
True
Suppose 0 = -3*r - 3*v + 405, 5*r - 10*r + 702 = -4*v. Suppose 164*i - 166*i + r = 0. Is i a prime number?
False
Suppose -2*m + 27*v + 21588 = 25*v, -v + 43191 = 4*m. Let r = m - 1486. Is r prime?
True
Let q(z) be the first derivative of -z**4/4 + 14*z**3 - 19*z**2 - 28*z - 173. Is q(25) a composite number?
True
Let d(a) = 15*a**2 + 13*a + 31. Let h be d(-21). Suppose -7*x = -8614 - h. Let p = x + 168. Is p prime?
True
Let m = 196154 + 214563. Is m a prime number?
True
Let k(w) = 4*w**2. Let p be k(-1). Let v be p - (1 - (-2 - -1785)). Suppose 0 = -2*m + 3 + 1, v = 4*n + 3*m. Is n prime?
False
Suppose 3*i + 7*i - 260 = 0. Suppose 1341 = i*s - 23*s. Is s composite?
True
Let n(y) = 4398*y - 191. Is n(37) a composite number?
True
Suppose z + 1469911 = 5*c, -4*z - 2939814 = -8*c - 2*c. Is c composite?
False
Let x be -4*(4 + (4 - -2)). Let k = -36 - x. Suppose -k*o + o + 188 = 2*q, -2*o = 4. Is q a prime number?
True
Let b(o) = 8461*o**2 + 43*o - 431. Is b(8) a composite number?
False
Let w(y) = -294*y**3 + 5*y**2 + 3*y - 4. Let l be w(-3). Suppose -l = 20*i - 30*i. Is i a prime number?
True
Let b be (-5370)/(-9) + 8/24. Let w = -51 + 51. Suppose w = 2*f + f - b. Is f a composite number?
False
Let v be ((-4)/(-6) - 0)/(1/3). Suppose 2*i = 10, 3*b - v*i - 6759 = 2*b. Is b a composite number?
True
Suppose -42*s + 44*s + 1851124 = 4*w, 4*s + 925574 = 2*w. Is w prime?
False
Let l = 19119 + 46058. Is l a prime number?
False
Let n(x) = x + 15. Suppose -3*c + 0*c = -4*u - 53, -12 = -4*c. Let z be n(u). Let d(j) = 30*j**3 - 4*j**2 + 2*j + 1. Is d(z) a prime number?
False
Let f(g) = 2*g**2 + 6*g - 33. Let h be f(4). Let q(y) = 449*y - 290. Is q(h) a composite number?
False
Let x(c) = -c**2 - 17*c - 13. Let p be x(-16). Let i be (4 + -7)/(p/(-9586)). Suppose 5*v = i + 8019. Is v prime?
False
Suppose -446*t = -5*x - 445*t + 1045911, 2*t - 1045923 = -5*x. Is x a composite number?
True
Is ((-15)/10)/(15/(-50)) - -113274 prime?
True
Suppose 0 = -5*m - u + 745057, 429493 = 2*m - 5*u + 131481. Is m composite?
False
Let m(g) = 2078*g**2 - 67*g - 48. Is m(-5) prime?
True
Suppose 0 = 2*v + 8, 2*h - 5*v - 7486 = 1740. Let f be -6 - -4 - ((-1)/1 - 9). Suppose f*j + h - 16115 = 0. Is j composite?
False
Le